29 + -423a?
-4211
In base 13, what is -1592b8 - -5?
-1592b3
In base 7, what is 3 + -61422?
-61416
In base 4, what is 0 + 1133011223?
1133011223
In base 10, what is 123 - -695?
818
In base 4, what is -23 - 11310200?
-11310223
In base 10, what is 5140 - -158?
5298
In base 12, what is -75a5 - 1?
-75a6
In base 2, what is 10001011010 + -100000?
10000111010
In base 6, what is 5 + -135343?
-135334
In base 8, what is -7 + -15154?
-15163
In base 14, what is -4 - -1c2cc?
1c2c8
In base 4, what is 133 + 1020220?
1021013
In base 12, what is -5 - 32603?
-32608
In base 15, what is -25 + 3da?
3b5
In base 15, what is 4 - -13284?
13288
In base 8, what is -7767 + -20?
-10007
In base 15, what is -4 - 373b?
-3740
In base 13, what is -c81 - 2a?
-cab
In base 14, what is 0 - -1008?
1008
In base 11, what is 145 + -6234?
-609a
In base 6, what is -3 - 245232?
-245235
In base 4, what is -331322030 - 0?
-331322030
In base 9, what is -3628 - 66?
-3705
In base 11, what is -11 + 1215?
1204
In base 13, what is 3298 + -9?
328c
In base 2, what is 1111101010 + -10001101000?
-1111110
In base 13, what is -15 - 266?
-27b
In base 16, what is -b + -19fd?
-1a08
In base 6, what is 1323505 + -1?
1323504
In base 11, what is -9 - 1040?
-1049
In base 3, what is 1022 - -110220111?
110221210
In base 16, what is 1175c - 15?
11747
In base 3, what is -10220102120 - 0?
-10220102120
In base 8, what is 1 + -606647?
-606646
In base 9, what is -3 - -388028?
388025
In base 15, what is 3e - -6c87?
6cc6
In base 8, what is -4 + 1724716?
1724712
In base 13, what is -4 - 5b0b?
-5b12
In base 2, what is 11100 + -101001110100?
-101001011000
In base 10, what is -2 - -2458?
2456
In base 2, what is 10101000000001 + -1100?
10100111110101
In base 2, what is -1100100111101 - -100110?
-1100100010111
In base 5, what is 0 + 42242404?
42242404
In base 16, what is -8 - -4cbf?
4cb7
In base 6, what is -220333 + 0?
-220333
In base 13, what is -5 + 4c1b?
4c16
In base 15, what is -1c425 - -5?
-1c420
In base 4, what is 1 - 321103?
-321102
In base 3, what is 21 - -121102110110?
121102110201
In base 14, what is -66b08 + 3?
-66b05
In base 2, what is -100 - 1111011100101?
-1111011101001
In base 4, what is 1 - 10303322?
-10303321
In base 2, what is 100001 + 100110011111?
100111000000
In base 10, what is 1896697 + 4?
1896701
In base 15, what is 6c246 - 1?
6c245
In base 5, what is 11332 - 14421?
-3034
In base 15, what is -da1 - 20?
-dc1
In base 6, what is -55 - 10243?
-10342
In base 4, what is -3 + -12231313?
-12231322
In base 6, what is 20235042 - -5?
20235051
In base 9, what is 22463 - -12?
22475
In base 2, what is 1011011111010110100100 + 100?
1011011111010110101000
In base 8, what is 2236 + -221?
2015
In base 5, what is -334 + -24213?
-30102
In base 16, what is 458 - 31?
427
In base 8, what is 620 - -3465?
4305
In base 2, what is -101110000010010 - -1?
-101110000010001
In base 12, what is 5 - 84b0?
-84a7
In base 4, what is 11 - 1000133030?
-1000133013
In base 12, what is -21498 - 1?
-21499
In base 6, what is 34134 + 40?
34214
In base 15, what is -ea37 + -5?
-ea3c
In base 10, what is -9 + -9735?
-9744
In base 14, what is -4a1c + -d6?
-4b14
In base 11, what is -6737 + 1?
-6736
In base 9, what is -5 - -767170?
767164
In base 11, what is 35 + -421?
-397
In base 15, what is -85 + -1149?
-11ce
In base 10, what is -16681 + -1?
-16682
In base 2, what is -101000 + 1101000?
1000000
In base 8, what is 71 + -1445?
-1354
In base 9, what is 5085222 - -2?
5085224
In base 15, what is -38a - 28?
-3b3
In base 13, what is -50b9 - -172?
-4c47
In base 3, what is -1001201102022 - 10?
-1001201102102
In base 12, what is 94 + -243b?
-2367
In base 5, what is 1 + -11331314?
-11331313
In base 14, what is 5 - b380?
-b379
In base 4, what is -1021222202 + -12?
-1021222220
In base 14, what is 3 + 48d7?
48da
In base 16, what is 1 + 5454?
5455
In base 3, what is -101022211000 - -2?
-101022210221
In base 3, what is 2020211 + 110010?
2200221
In base 6, what is -205313 - -5?
-205304
In base 6, what is 13 - 145?
-132
In base 6, what is -4313 + 1312?
-3001
In base 3, what is 11022 + 1000020?
1011112
In base 4, what is 21 - 210200?
-210113
In base 5, what is -11 - 31340?
-31401
In base 6, what is 30 + 1142533?
1143003
In base 11, what is 3727 + -13?
3714
In base 7, what is -4234560 + -1?
-4234561
In base 12, what is 2965 - 4?
2961
In base 15, what is 25 - bab?
-b86
In base 9, what is -4725422 - -5?
-4725416
In base 13, what is -35 + -96c?
-9a4
In base 13, what is -4 - 990?
-994
In base 9, what is -6 + -3678?
-3685
In base 2, what is 1011001111000101 - 1?
1011001111000100
In base 12, what is a366 - -7?
a371
In base 2, what is 1001011001010 + 1100111?
1001100110001
In base 7, what is 1 - 655636?
-655635
In base 9, what is 3745 - -57?
3813
In base 7, what is 101 - 30600?
-30466
In base 13, what is 18c06 - 53?
18b83
In base 3, what is 0 - -121002120?
121002120
In base 15, what is -4 - 10e5?
-10e9
In base 15, what is -18416 + 3?
-18413
In base 7, what is -504 + -545?
-1352
In base 12, what is -105221 - 3?
-105224
In base 13, what is -1494 - -59?
-1438
In base 16, what is 8 - e50?
-e48
In base 7, what is 1 - -30432?
30433
In base 16, what is -2d0 - -b5?
-21b
In base 16, what is -68d08 + 8?
-68d00
In base 12, what is 4 + 28775?
28779
In base 14, what is -2051 - -116?
-1d39
In base 11, what is 5 + 14667?
14671
In base 13, what is -1a - -1827c?
18262
In base 3, what is 2 + -120220220?
-120220211
In base 7, what is 42136 - -4?
42143
In base 14, what is 9 - -15dd?
1608
In base 3, what is -100001210 - 200?
-100002110
In base 16, what is -8ef5 + 1?
-8ef4
In base 14, what is 19 + 6c3?
6dc
In base 16, what is -41e - -3d0?
-4e
In base 3, what is 10222100 - -11?
10222111
In base 7, what is 35 + 14040?
14105
In base 5, what is -2 - -41430404?
41430402
In base 8, what is -7221 + 65?
-7134
In base 10, what is 2 + -245927?
-245925
In base 6, what is -55310 + -3?
-55313
In base 5, what is -142031 - -2?
-142024
In base 9, what is -1143565 - 3?
-1143568
In base 10, what is 51673 + -1?
51672
In base 11, what is -6 + -5949?
-5954
In base 13, what is -7 - -9193b?
91934
In base 10, what is -88915 + 2?
-88913
In base 15, what is 2a + -69ac?
-6982
In base 8, what is 66 - 10571?
-10503
In base 9, what is -81 - 7443?
-7534
In base 7, what is 23061 - -1421?
24512
In base 8, what is 14 - 127513?
-127477
In base 3, what is 110210211102 - -11?
110210211120
In base 15, what is 2 + -6b71?
-6b6e
In base 6, what is -1 + 3225202?
3225201
In base 8, what is -163020 - -2?
-163016
In base 6, what is 1 + 40442?
40443
In base 14, what is -27 + d8?
b1
In base 11, what is -7 + -905a8?
-90604
In base 9, what is 123806 + 2?
123808
In base 12, what is 21 + -4b78a?
-4b769
In base 9, what is -186048 + 45?
-186003
In base 13, what is -a81 + 498?
-5b6
In base 16, what is 2c - -348?
374
In base 3, what is -10002 + 10120201?
10110122
In base 11, what is -848394 + -2?
-848396
In base 4, what is 1 - -332031211?
332031212
In base 14, what is -177 - 32?
-1a9
In base 8, what is -5734 + 40?
-5674
In base 16, what is -46 - 355?
-39b
In base 4, what is 112010130 - -3?
112010133
In base 6, what is 1 + 12103552?
12103553
In base 14, what is 126 + -16a?
-44
In base 14, what is -4 + -21d10?
-21d14
In base 9, what is -3 + -7787?
-7801
In base 11, what is 1 + 2052?
2053
In base 12, what is 229265 - -2?
229267
In base 14, what is 6 + -25051?
-25049
In base 3, what is 1202120021 - 111?
1202112210
In base 7, what is 2114111 - -5?
2114116
In base 4, what is 2232 - -100002?
102300
In base 16, what is 7 + bd2?
bd9
In base 4, what is 1130211120 - -3?
1130211123
In base 5, what is 4441111 - -10?
4441121
In base 11, what is 6 - -3788?
3793
In base 10, what is -54 - 774?
-828
In base 4, what is 102331031 + 3?
102331100
In base 10, what is 52177 - 1?
52176
In base 5, what is 130013 - -11020?
141033
In base 2, what is -100101111101000 - -1111111?
-100101101101001
In base 9, what is 23168 - -6?
23175
In base 7, what is -126 - -1423?
1264
In base 11, what is -33 - -1866?
1833
In base 16, what is 89e + 2?
8a0
In base 9, what is 2 + -273418?
-273416
In base 13, what is -b5 + 41?
-74
In base 7, what is 35062240 - -1?
35062241
In base 7, what is -42 + 6365?
6323
In base 7, what is 1536 - -121?
1660
In base 5, what is 10331 + 200?
11031
In base 10, w